
What is the value of -1 + 1 + (-5 - (-6 - -4))?
-3
Evaluate 0 - (-3 + -4 + 3).
4
5 + 7 + -16 + 7
3
What is the value of -4 - -2 - 3 - -3?
-2
Evaluate 4 + -4 + 5 + -3.
2
What is the value of (-29 - -22) + 3 + -2 + 2?
-4
-1 + -2 + 3 + -8 + 10
2
-7 - (-2 + 10 - 3 - 9)
-3
What is 0 - (4 + 2 + -5)?
-1
4 - (-3 + 3 + 3)
1
What is the value of -2 - (-6 + 4 + 0)?
0
Calculate 3 + (1 - -2 - 0) + -6.
0
What is -9 - (1 + -2 - 7 - -7)?
-8
6 + -4 - (1 - -2 - 9)
8
What is the value of (3 - 1) + -5 - -9 - 9?
-3
What is ((-2 - 3) + 11 - 9) + 2?
-1
What is the value of 12 - 8 - (0 + 1 + 8)?
-5
What is -2 - (-3 + 4 - 3)?
0
Evaluate 11 - 4 - (11 + 3).
-7
What is the value of (11 - 19) + -7 - -9?
-6
What is the value of (0 - 4) + (4 + -6 - -8)?
2
Calculate 1 + 3 - (0 + (12 - 6)).
-2
Calculate -6 + -1 - (9 + (-21 - -10)).
-5
What is the value of (1 - -4 - (7 - 1)) + -4?
-5
Evaluate 1 + -3 + (-136 - -139).
1
What is (4 - (-1 - -1)) + 3 - 4?
3
What is 2 + -1 + (-4 - -1) + 0?
-2
2 + 3 + -5 + -3
-3
Evaluate -33 + 34 - (-2 + -1).
4
What is (3 - 4) + 2 - 1?
0
What is the value of 48 + -40 - (7 - 0)?
1
(15 - 13) + -1 + 3
4
(5 - (-4 - -10)) + 3
2
0 + -5 - (-5 + 2)
-2
What is -5 + 5 + -7 + 12 - 10?
-5
Evaluate -5 + 5 + 2 + -3 + 0.
-1
What is the value of 32 + -26 - (11 + -1)?
-4
What is 2 + 2 + -1 - (3 - -1)?
-1
3 - ((-2 - 3) + 4)
4
4 + (-15 - (-4 + (7 - 6)))
-8
-2 - (-7 + -2 + -9 + 13)
3
0 - 8 - (2 + -13)
3
4 - -1 - ((6 - 3) + -2)
4
Evaluate -6 + (0 + 5 - (-2 - 3)).
4
What is -15 + 17 - (2 - -3)?
-3
Calculate -1 - (-1 + -1) - 0.
1
What is the value of (6 - (3 + 1)) + -8 + 7?
1
Calculate (-6 - 3) + 1 - -3 - -9.
4
Calculate 10 + -7 - (0 + -3 + 2).
4
What is 7 - (7 - (-3 + 6 + -8))?
-5
Calculate -8 - -9 - (1 - 2).
2
Calculate 2 + -1 + (-17 - -9).
-7
Calculate 5 + -1 + -12 + (24 - 6).
10
What is 4 + 4 + -2 + -5 + -6?
-5
What is 5 + (2 + -4 + 1 - 9)?
-5
Calculate (2 - (-1 + -2)) + -2.
3
-5 + (0 - (4 + -7))
-2
What is -1 + (3 - (9 - (5 + 0)))?
-2
-4 + -3 + 8 + -3
-2
What is -4 + 2 + 4 + (1 - 1)?
2
What is 6 - 2 - (2 - -11 - 4)?
-5
What is the value of 10 - (0 - (-6 + 1))?
5
Evaluate 0 - (0 + (-4 - 0 - -4)).
0
Evaluate 7 + (-11 - (-11 + 9)).
-2
-2 - 0 - (-2 + -17 + 16)
1
(5 + -10 - -1) + 5 - 2
-1
What is (7 - 6) + -1 - 3?
-3
What is 2 + (1 - -1) - (-16 - -19)?
1
What is 4 - (-6 + -8 + 21) - -6?
3
What is the value of 11 - (12 - (-12 - -15))?
2
What is the value of 8 + 7 + -7 + (-5 - 0)?
3
7 + -8 + (-4 - -9)
4
Calculate -9 - (-1 + -9 - 5).
6
Evaluate -4 + 6 + -5 + -1 + 6.
2
What is -4 + (8 - 5 - -1)?
0
Calculate -2 + (6 - -3) - 3.
4
What is the value of (49 - 43) + (1 - -1 - 3)?
5
What is the value of -1 - (-6 + 2 - -7 - 6)?
2
Calculate -3 + (-6 - -10) + 1.
2
0 + 0 - (-44 + 49)
-5
Calculate 5 - (-3 - (-4 - 8)).
-4
9 + (8 - 2) + -12 + 0
3
What is the value of 15 + -16 - (2 - 7)?
4
-3 + 1 + -3 - (1 - 4)
-2
What is the value of -6 - (0 - 9) - (-1 + -2)?
6
What is 5 + -2 + 3 - (-51 - -53)?
4
What is the value of (10 - 5) + -1 + -8?
-4
Evaluate 2 - (-2 + 4 - 3).
3
Calculate (0 - 3 - -3) + -2 + 3.
1
What is 10 + -12 + -1 + 6?
3
-4 - ((4 - 2) + -6)
0
-4 - (5 - 10) - 3 - 0
-2
What is (-3 - -5) + (-36 - -34)?
0
(-2 - -2 - -2) + -2 - 3
-3
Calculate 4 + -1 + -6 - 1.
-4
Calculate 5 - (6 + -3) - (24 + -29).
7
Evaluate -3 + 0 + 30 + -29.
-2
Calculate -14 + (1 - 0 - -6) + -1.
-8
What is -1 - (7 - 4 - 7)?
3
What is -12 - -11 - (2 - (0 - 0))?
-3
Calculate 0 + 2 + 12 + (-30 - -20).
4
(5 - -1) + 8 + -11 + -4
-1
What is the value of -2 + (5 - 2) + -1 + 5?
5
What is the value of -6 + 3 + 6 + 0?
3
What is (6 - (-4 + 8)) + -3 - -2?
1
Calculate 4 - 1 - (1 - 1) - -2.
5
4 - (4 + 2 - (8 + 1))
7
3 - ((-3 - (-4 + 2)) + 5)
-1
Evaluate 1 + 1 - (-2 - (2 + -4)).
2
Evaluate 18 - 9 - (0 + 1) - -2.
10
-8 + 1 + 6 - -4
3
Calculate 9 + -9 - (2 + -3 - -3).
-2
Calculate 2 + -1 - (-4 - -1).
4
Calculate 9 - (-9 + 9 + -3 + 6).
6
Evaluate -1 - (-3 - (2 + -2)).
2
What is (-2 - (6 - 6)) + 0?
-2
What is the value of -5 - -1 - ((-6 - 9) + 5)?
6
What is the value of 7 - ((6 - 12) + 12)?
1
Evaluate (4 - 5 - (1 - -2)) + 4.
0
2 + -3 + 6 + -1
4
-3 - (5 + 2 + -9)
-1
What is the value of 5 - (3 - -4) - -6?
4
What is 9 - (4 - -1) - (0 - -5)?
-1
-1 - 8 - (-2 - 3)
-4
What is the value of 1 + 8 - (-45 + 52)?
2
Calculate 2 + -1 + 2 - (42 + -44).
5
What is the value of -5 + (-1 - -1 - 4) - -4?
-5
What is the value of -5 + (0 + (1 - -2) - 1)?
-3
What is 1 + 9 + -17 + 6?
-1
-1 + (1 + 3 - 3)
0
What is the value of (-10 - -5) + (2 - -8)?
5
Calculate 6 + -12 + 7 + -8.
-7
Evaluate 7 + -4 + (0 - -1) + -2.
2
What is -6 + (-1 - 0) - (5 + -7)?
-5
What is the value of (-7 - ((-4 - 3) + 7)) + 11?
4
Evaluate 1 + (11 - 11 - (2 + 0)).
-1
Evaluate -1 - (-7 - (-3 - (3 + -4))).
4
4 + (4 - 8) + -4
-4
What is the value of -6 + ((16 - 8) + -8 - -6)?
0
-4 + -2 + (-8 - (-10 + 2))
-6
-10 - (7 - (-3 + 14))
-6
Evaluate -2 + (-3 - (2 - (4 + -2))).
-5
Calculate -3 - (3 + 4 + -4) - 1.
-7
(3 - -9) + -7 + 0
5
What is -1 - (0 - 3) - 4?
-2
What is -4 - (-6 - 4) - 6?
0
-1 + 1 + 7 - (29 - 19)
-3
What is -1 + (-3 - -7) - 2 - -4?
5
Evaluate 0 + -11 - -24 - (-2 - -7).
8
(2 + -2 + -4 - -5) + 5
6
Evaluate 0 - 0 - (-36 - -42).
-6
Evaluate 24 + -25 + 2 + (2 - 0).
3
What is (-3 + 3 - -2) + 0 - 3?
-1
What is 4 + (-1 - (1 - -2))?
0
-5 + (3 - -1) - 2
-3
6 - (9 + 5) - -8
0
What is the value of (5 - 1 - 4) + -1?
-1
Calculate (-5 + 2 - -1) + 0.
-2
Calculate -3 + 0 + -20 + 28.
5
Calculate -16 + 13 + (4 - (3 - 3)).
1
-10 - -11 - (-1 + -1 - -6)
-3
Evaluate -9 + (-6 - -2 - -8).
-5
What is the value of 2 + -1 + (-2 - (5 - 9))?
3
-6 - -3 - 4 - -5
-2
Evaluate -4 - (2 + -4 - -2).
-4
What is 7 + 7 + -5 + -15?
-6
What is 2 + (2 - (1 + 5)) - 1?
-3
What is 6 + -6 + (0 - -1) + -2?
-1
Evaluate 2 + (-9 - (-7 + 4)).
-4
What is the value of -1 + 0 + 0 + 4 - 0?
3
8 + (-3 - (-5 + 7))
3
Calculate (0 - 1) + -2 + -21 + 27.
3
Calculate -34 + 46 - (6 + 2).
4
What is 14 - ((0 - 2) + (2 - -4))?
10
What is (2 - (-6 - -4)) + -5?
-1
Evaluate 0 + 0 + 15 + -11 + 1.
5
Calculate 6 - 4 - (3 + -2).
1
What is the value of -4 - 0 - (-4 + -4 - -3)?
1
What is the value of (-3 - (5 - 2)) + 3 - 5?
-8
What is -3 + 2 + 0 + -12 + 7?
-6
What is (-1 - -1) + 1 + -2?
-1
What is -3 + (17 - (3 + 5))?
6
(-1 - (-1 - -2)) + 1
-1
What is the value of -1 + 3 + 4 + -1?
5
Calculate 65 + -61 + (0 - 9).
-5
Calculate 0 - -6 - (-2 + 3).
5
Evaluate -1 + 3 + -10 + 4.
-4
What is the value of -17 + 9 + 3 + 6?
1
8 - 1 - (10 - 4)
1
What is the value of 0 + 4 + 0 + 4 + -4?
4
What is the value of -6 - (-3 - 1) - 2 - 0?
-4
Calculate 11 + -3 + (0 + -9 - -4).
3
What is the value of -2 + (3 - -2) + -2 + 1?
2
-11 - ((-8 - 6) + 0)
3
-7 + -1 + (3 - (1 + -2))
-4
Calculate (0 + 3 - (28 + -26)) + -1.
0
Calculate 5 + (2 - 13) + 8 + -7.
-5
What is 2 - (-5 + -2 + 13)?
-4
-5 - (3 - (3 + 0 + 2))
-3
Calculate -2 - (10 + -13 - -8).
-7
Evaluate (1 - -4) + (1 - 2).
4
What is the value of 1 + -3 + (0 - (-8 + 8))?
-2
Calculate 224 + -219 - (-1 - -5).
1
-4 - (1 + 0 + -9)
4
Evaluate -3 + (0 - (-2 + 5 + -2)).
-4
-19 - -22 - ((10 - -2) + -2)
-7
Calculate 15 + -2 - (9 + 0).
4
What is (1 - (7 - 4) - 2) + 8?
4
Calculate 2 - (-4 + 0 - -4).
2
What is the value of 4 + 1 + -1 - (66 - 70)?
8
What is 2 - (-7 + 1 + 4)?
4
What is the value of 3 + (1 - 0) + 1 + -4?
1
What is -2 + -2 + 2 + 3 + -4?
-3
Evaluate -187 + 193 - (4 - (1 + -1)).
2
Calculate (-3 - (8 + -5)) + 7.
1
What is the value of (-1 - -7) + (-15 - -12)?
3
6 - (11 - -2) - -11
4
(-2 - -6) + 0 + (-5 - -1)
0
What is (0 - 0) + (2 - (-6 + 14))?
-6
1 - ((6 - 1) + -2)
-2
What is (1 - (-7 + 8)) + -4?
-4
What is -8 + (-11 - (-1 - 2)) - -8?
-8
Calculate -13 - (3 + -13) - -2.
-1
0 - (3 + -5 + (1 - -2))
-1
Calculate 7 + 2 + -1 + -1 + -4.
3
What is 3 + -6 + 1 + 5?
3
What is 3 + 5 + (-13 - -8)?
3
Calculate 0 + (-2 - 4 - (-1 + -4)).
-1
Calculate -4 + (-3 - (-1 - 1)).
-5
What is the value of (45 - 49) + 1 + -1?
-4
Calculate -5 + (-2 - -8) + -3.
-2
What is 3 - 2 - (8 + -2)?
-5
What is 11 + 1 + -225 + 213?
0
(7 - 0) + 14 + -9 + -9
3
Evaluate 1 - (2 - 0 - 0 - 3).
2
1 + -1 + 0 + 0
0
What is the value of -1 - -6 - 6 - (1 - 4)?
2
Calculate (-2 - (-1 + -1)) + -1.
-1
Evaluate (3 + -8 - -1) + 4 - 7.
-7
Evaluate -7 + 6 + -2 + 3 - 2.
-2
Evaluate 7 + -4 + 1 + -2 + 2.
4
What is the value of (6 - 18) + 10 + -4?
-6
What is (1 - (-4 - 1)) + (10 - 15)?
1
What